s the ten millions digit of 33793250?
3
What is the thousands digit of 485989067?
9
What is the hundred thousands digit of 177936531?
9
What is the hundreds digit of 122047758?
7
What is the thousands digit of 47461357?
1
What is the ten thousands digit of 85153968?
5
What is the millions digit of 1442741392?
2
What is the tens digit of 331894051?
5
What is the units digit of 2710423791?
1
What is the hundred thousands digit of 565945625?
9
What is the thousands digit of 62589202?
9
What is the hundreds digit of 49600162?
1
What is the hundred millions digit of 4131470230?
1
What is the hundred millions digit of 1374758331?
3
What is the hundreds digit of 60216781?
7
What is the thousands digit of 7331976569?
6
What is the hundred thousands digit of 71943715?
9
What is the hundred millions digit of 1395252226?
3
What is the ten thousands digit of 2335631294?
3
What is the hundred millions digit of 1859997209?
8
What is the thousands digit of 20457057?
7
What is the millions digit of 38618962?
8
What is the tens digit of 2069275932?
3
What is the units digit of 686831597?
7
What is the ten thousands digit of 89161460?
6
What is the hundred thousands digit of 108283648?
2
What is the hundreds digit of 167651540?
5
What is the thousands digit of 76171585?
1
What is the hundreds digit of 839547928?
9
What is the hundreds digit of 436445302?
3
What is the thousands digit of 559532862?
2
What is the hundreds digit of 274348675?
6
What is the millions digit of 1990395494?
0
What is the units digit of 2519731799?
9
What is the millions digit of 1269622893?
9
What is the thousands digit of 7351666433?
6
What is the hundred millions digit of 531466139?
5
What is the millions digit of 265439632?
5
What is the thousands digit of 296440130?
0
What is the ten millions digit of 352873401?
5
What is the millions digit of 1914639513?
4
What is the millions digit of 115540817?
5
What is the tens digit of 12735209?
0
What is the thousands digit of 51063714?
3
What is the hundred thousands digit of 2230055117?
0
What is the ten thousands digit of 760950175?
5
What is the units digit of 265708523?
3
What is the millions digit of 837901697?
7
What is the hundreds digit of 2616876937?
9
What is the thousands digit of 3753891150?
1
What is the ten millions digit of 52903569?
5
What is the hundred thousands digit of 3370805298?
8
What is the millions digit of 3427756076?
7
What is the tens digit of 30936633?
3
What is the hundred millions digit of 2968435700?
9
What is the units digit of 103332178?
8
What is the hundred thousands digit of 409073084?
0
What is the ten millions digit of 2717529645?
1
What is the tens digit of 61604528?
2
What is the tens digit of 6147462?
6
What is the ten thousands digit of 84719007?
1
What is the thousands digit of 471023717?
3
What is the hundred thousands digit of 31165661?
1
What is the ten millions digit of 118034764?
1
What is the hundred millions digit of 470690923?
4
What is the thousands digit of 551495866?
5
What is the units digit of 3575645576?
6
What is the millions digit of 3684188377?
4
What is the units digit of 944217955?
5
What is the millions digit of 81882936?
1
What is the thousands digit of 86502823?
2
What is the thousands digit of 79261646?
1
What is the hundreds digit of 16902305?
3
What is the ten millions digit of 242069560?
4
What is the thousands digit of 4460063629?
3
What is the thousands digit of 3760362525?
2
What is the units digit of 74895044?
4
What is the hundred thousands digit of 66825424?
8
What is the millions digit of 281920669?
1
What is the millions digit of 3743260?
3
What is the billions digit of 2040578440?
2
What is the tens digit of 4352838583?
8
What is the millions digit of 6373062574?
3
What is the hundred thousands digit of 292919210?
9
What is the thousands digit of 215427604?
7
What is the tens digit of 1134083241?
4
What is the tens digit of 90954288?
8
What is the hundred thousands digit of 6018627545?
6
What is the hundred millions digit of 161409121?
1
What is the hundred thousands digit of 67021648?
0
What is the ten millions digit of 52626487?
5
What is the hundred thousands digit of 17966897?
9
What is the tens digit of 9119284?
8
What is the ten thousands digit of 5206991233?
9
What is the thousands digit of 2106435003?
5
What is the hundreds digit of 567167471?
4
What is the hundreds digit of 27013317?
3
What is the hundred thousands digit of 116311772?
3
What is the thousands digit of 1427875516?
5
What is the hundreds digit of 376037782?
7
What is the millions digit of 618516624?
8
What is the hundred millions digit of 2724217709?
7
What is the hundred thousands digit of 33578076?
5
What is the units digit of 521262864?
4
What is the ten thousands digit of 368744?
6
What is the units digit of 553225896?
6
What is the tens digit of 77805564?
6
What is the hundred thousands digit of 559251656?
2
What is the tens digit of 142553736?
3
What is the units digit of 2512700574?
4
What is the ten millions digit of 1207491006?
0
What is the units digit of 784099495?
5
What is the tens digit of 2688422498?
9
What is the hundreds digit of 90366111?
1
What is the hundred thousands digit of 397292488?
2
What is the millions digit of 14631774?
4
What is the thousands digit of 3872663935?
3
What is the units digit of 117436776?
6
What is the hundreds digit of 4310025508?
5
What is the ten millions digit of 44000168?
4
What is the hundred millions digit of 925561569?
9
What is the hundred thousands digit of 59604606?
6
What is the units digit of 102547793?
3
What is the hundred thousands digit of 1696483844?
4
What is the ten thousands digit of 712756541?
5
What is the thousands digit of 563804192?
4
What is the thousands digit of 1171163535?
3
What is the tens digit of 16087036?
3
What is the ten millions digit of 166210024?
6
What is the ten thousands digit of 1962012237?
1
What is the ten thousands digit of 554081904?
8
What is the millions digit of 218737929?
8
What is the ten thousands digit of 711246142?
4
What is the tens digit of 48425201?
0
What is the units digit of 3433324868?
8
What is the ten millions digit of 44096750?
4
What is the hundreds digit of 105854104?
1
What is the thousands digit of 739042432?
2
What is the ten millions digit of 984368268?
8
What is the units digit of 802389755?
5
What is the hundred millions digit of 2500209502?
5
What is the units digit of 313164763?
3
What is the billions digit of 1574359717?
1
What is the thousands digit of 1573799?
3
What is the thousands digit of 715600136?
0
What is the ten thousands digit of 1566905?
6
What is the ten millions digit of 3440492511?
4
What is the units digit of 529368664?
4
What is the ten thousands digit of 1488681156?
8
What is the ten thousands digit of 13278853?
7
What is the ten millions digit of 748441781?
4
What is the thousands digit of 65683373?
3
What is the hundreds digit of 1516352029?
0
What is the ten thousands digit of 292450131?
5
What is the ten thousands digit of 43493040?
9
What is the hundreds digit of 92403293?
2
What is the millions digit of 15030744?
5
What is the thousands digit of 145767004?
7
What is the hundreds digit of 2690408258?
2
What is the units digit of 43131988?
8
What is the hundreds digit of 900828441?
4
What is the ten thousands digit of 51513040?
1
What is the hundred thousands digit of 2968118655?
1
What is the thousands digit of 369771087?
1
What is the millions digit of 11102059?
1
What is the hundred thousands digit of 282583453?
5
What is the ten millions digit of 452116334?
5
What is the ten millions digit of 130348144?
3
What is the thousands digit of 21995689?
5
What is the hundred thousands digit of 17890991?
8
What is the hundred millions digit of 281740095?
2
What is the hundred thousands digit of 819369322?
3
What is the ten millions digit of 168086875?
6
What is the thousands digit of 105331264?
1
What is the hundred millions digit of 615027808?
6
What is the hundred thousands digit of 369635957?
6
What is the ten millions digit of 504553295?
0
What is the millions digit of 31594819?
1
What is the units digit of 2211790409?
9
What is the millions digit of 1094040254?
4
What is the hundreds digit of 186907447?
4
What is the ten thousands digit of 1349